base 11) to base 12
-2
What is -241 (base 8) in base 3?
-12222
0 (base 6) to base 8
0
124 (base 6) to base 15
37
1 (base 8) to base 11
1
What is 10 (base 10) in base 15?
a
Convert 221 (base 7) to base 6.
305
-102 (base 4) to base 14
-14
6 (base 13) to base 14
6
What is 2 (base 5) in base 8?
2
Convert -5 (base 16) to base 12.
-5
What is 103 (base 6) in base 16?
27
20 (base 7) to base 16
e
What is -13 (base 13) in base 3?
-121
Convert 5 (base 12) to base 13.
5
Convert 1100001 (base 2) to base 11.
89
-12 (base 10) to base 16
-c
-8 (base 15) to base 11
-8
Convert -7 (base 12) to base 4.
-13
-80 (base 13) to base 12
-88
Convert 3 (base 16) to base 9.
3
What is 35 (base 6) in base 8?
27
Convert -6 (base 11) to base 16.
-6
Convert -7 (base 11) to base 15.
-7
What is 18 (base 10) in base 2?
10010
-1 (base 11) to base 4
-1
-224 (base 8) to base 16
-94
What is -5 (base 6) in base 5?
-10
-58 (base 16) to base 3
-10021
5 (base 7) to base 3
12
Convert 0 (base 14) to base 12.
0
What is -20 (base 6) in base 4?
-30
-3 (base 5) to base 12
-3
Convert 50 (base 15) to base 7.
135
-303 (base 4) to base 9
-56
What is 71 (base 10) in base 5?
241
41 (base 10) to base 3
1112
-94 (base 14) to base 8
-202
What is 6 (base 15) in base 10?
6
-35 (base 10) to base 15
-25
-1132 (base 4) to base 5
-334
33 (base 5) to base 7
24
2 (base 10) to base 5
2
What is -2 (base 13) in base 10?
-2
-3 (base 15) to base 16
-3
Convert 3 (base 9) to base 10.
3
What is -10001 (base 2) in base 12?
-15
What is 1000 (base 3) in base 4?
123
What is -8 (base 16) in base 6?
-12
What is 312 (base 5) in base 10?
82
What is 3e (base 15) in base 13?
47
Convert 21 (base 14) to base 7.
41
-13 (base 16) to base 13
-16
-14 (base 6) to base 4
-22
1 (base 13) to base 15
1
Convert 8 (base 11) to base 8.
10
Convert -102 (base 3) to base 8.
-13
12 (base 6) to base 13
8
What is 65 (base 13) in base 16?
53
63 (base 12) to base 13
5a
-10 (base 15) to base 16
-f
Convert -1 (base 9) to base 3.
-1
Convert 116 (base 10) to base 6.
312
What is 9 (base 15) in base 5?
14
Convert 12a (base 11) to base 7.
306
What is 44 (base 8) in base 6?
100
Convert -2 (base 6) to base 2.
-10
What is 11010011 (base 2) in base 16?
d3
What is -7 (base 12) in base 15?
-7
What is 1 (base 16) in base 14?
1
Convert 1 (base 15) to base 13.
1
2000 (base 4) to base 9
152
Convert -1 (base 3) to base 14.
-1
Convert 21 (base 7) to base 11.
14
0 (base 3) to base 10
0
-4 (base 6) to base 8
-4
Convert -246 (base 12) to base 11.
-291
Convert 1111 (base 2) to base 4.
33
2 (base 5) to base 11
2
500 (base 7) to base 12
185
Convert 221 (base 4) to base 5.
131
What is 54 (base 7) in base 14?
2b
Convert 0 (base 15) to base 13.
0
19 (base 16) to base 10
25
What is 1 (base 5) in base 8?
1
Convert -13 (base 15) to base 5.
-33
What is -3 (base 16) in base 4?
-3
21 (base 14) to base 3
1002
Convert -76 (base 11) to base 13.
-65
-1 (base 9) to base 6
-1
What is -37 (base 10) in base 3?
-1101
What is 4 (base 9) in base 12?
4
Convert -13 (base 7) to base 4.
-22
-55 (base 10) to base 16
-37
Convert 142 (base 6) to base 12.
52
What is 9 (base 11) in base 6?
13
28 (base 10) to base 14
20
Convert 100111011 (base 2) to base 12.
223
What is -6 (base 13) in base 11?
-6
What is 4e (base 15) in base 5?
244
0 (base 5) to base 10
0
-22 (base 6) to base 8
-16
0 (base 10) to base 8
0
What is -20 (base 3) in base 5?
-11
-1 (base 13) to base 11
-1
What is 1 (base 8) in base 10?
1
Convert -2 (base 12) to base 4.
-2
What is 7c (base 14) in base 2?
1101110
What is -3 (base 15) in base 2?
-11
Convert -1 (base 6) to base 14.
-1
What is -1 (base 5) in base 9?
-1
3 (base 8) to base 11
3
What is -6 (base 10) in base 9?
-6
What is -9 (base 11) in base 7?
-12
Convert 1 (base 8) to base 4.
1
Convert 3 (base 13) to base 3.
10
4 (base 10) to base 14
4
What is -233 (base 8) in base 4?
-2123
Convert -13 (base 16) to base 14.
-15
Convert -256 (base 10) to base 11.
-213
-43 (base 5) to base 2
-10111
What is 1 (base 7) in base 5?
1
303 (base 4) to base 11
47
Convert 20 (base 3) to base 9.
6
39 (base 16) to base 10
57
Convert 3b (base 12) to base 14.
35
What is 62 (base 12) in base 11?
68
What is 0 (base 2) in base 12?
0
-3 (base 14) to base 11
-3
Convert -48 (base 12) to base 16.
-38
0 (base 10) to base 9
0
25 (base 9) to base 2
10111
Convert -157 (base 12) to base 4.
-3103
What is 2 (base 7) in base 11?
2
What is -14 (base 7) in base 3?
-102
Convert -230 (base 5) to base 3.
-2102
What is 1a (base 14) in base 8?
30
Convert 0 (base 16) to base 13.
0
What is -5 (base 11) in base 13?
-5
What is 4 (base 15) in base 4?
10
Convert 3 (base 15) to base 5.
3
110 (base 2) to base 15
6
Convert 202 (base 4) to base 13.
28
Convert -251 (base 9) to base 5.
-1313
Convert -14a (base 12) to base 3.
-21111
What is -5a (base 11) in base 6?
-145
Convert 0 (base 16) to base 6.
0
Convert 22001 (base 3) to base 2.
11011001
What is 18 (base 16) in base 5?
44
-8 (base 11) to base 12
-8
What is -1000 (base 3) in base 4?
-123
What is -18 (base 13) in base 11?
-1a
What is -1 (base 12) in base 5?
-1
Convert 38 (base 11) to base 10.
41
-41 (base 5) to base 9
-23
What is -3 (base 7) in base 9?
-3
0 (base 16) to base 15
0
What is 18 (base 13) in base 10?
21
What is 15 (base 12) in base 3?
122
1121 (base 6) to base 3
100211
Convert 2 (base 7) to base 12.
2
-25 (base 11) to base 2
-11011
What is -17 (base 16) in base 9?
-25
Convert 5 (base 7) to base 12.
5
Convert 1 (base 7) to base 10.
1
What is 23 (base 13) in base 14?
21
Convert -4 (base 8) to base 15.
-4
What is 1 (base 9) in base 2?
1
Convert 140 (base 12) to base 4.
3000
Convert 2 (base 8) to base 15.
2
What is 11101 (base 2) in base 14?
21
17 (base 16) to base 2
10111
Convert 0 (base 14) to base 10.
0
-11 (base 3) to base 14
-4
What is -2 (base 13) in base 9?
-2
Convert -12 (base 6) to base 8.
-10
-1 (base 5) to base 3
-1
Convert 43 (base 15) to base 2.
111111
What is -54 (base 6) in base 3?
-1021
What is -2b (base 12) in base 14?
-27
Convert 5 (base 15) to base 11.
5
Convert -11 (base 2) to base 16.
-3
101 (base 3) to base 2
1010
110000 (base 2) to base 11
44
What is 31 (base 10) in base 13?
25
4 (base 9) to base 2
100
Convert -4 (base 5) to base 12.
-4
-dd (base 14) to base 12
-143
9 (base 12) to base 14
9
Convert -b0 (base 16) to base 14.
-c8
18 (base 9) to base 3
122
Convert 51 (base 8) to base 14.
2d
Convert -1 (base 13) to base 12.
-1
What is 23 (base 10) in base 8?
27
Convert -6 (base 13) to base 15.
-6
What is 2 (base 16) in base 12?
2
What is -11001 (base 3) in base 16?
-6d
What is 10 (base 12) in base 3?
110
What is -8 (base 16) in base 13?
-8
Convert -97 (base 11) to base 12.
-8a
Convert -51 (base 8) to base 5.
-131
What is -101 (base 2) in base 7?
-5
Convert -210 (base 3) to base 12.
-19
Convert 41 (base 5) to base 11.
1a
What is 4 (base 11) in base 10?
4
What is -252 (base 6) in base 11?
-95
Convert -100 (base 2) to base 13.
-4
What is 101011 (base 3) in base 16?
112
What is -1 (base 5) in base 2?
-1
What is -8c (base 15) in base 5?
-1012
Convert -1010 (base 2) to base 7.
-13
-76 (base 9) to base 13
-54
Convert -1 (base 8) to base 13.
-1
Convert 34 (base 14) to base 16.
2e
10 (base 4) to base 6
4
What is 21 (base 12) in base 8?
31
Convert -3 (base 9) to base 3.
-10
Convert -1 (base 5) to base 15.
-1
What is 257 (base 8) in base 16?
af
-116 (base 8) to base 2
-1001110
Convert -11 (base 14) to base 10.
-15
What is 2 (base 12) in base 15?
2
Convert -100011110 (base 2) to base 13.
-190
-204 (base 8) to base 12
-b0
What is -256 (base 8) in base 3?
-20110
-3 (base 7) to base 3
-10
What is 10 (base 3) in base 11?
3
What is -10 (base 4) in base 3?
-11
What is 0 (base 14) in base 16?
0
a (base 12) to base 3
101
Convert -20122 (base 3) to base 12.
-12b
22 (base 10) to base 4
112
-1 (base 16) to base 10
-1
What is -12 (base 3) in base 16?
-5
Convert 6a (base 14) to base 5.
334
1 (base 2) to base 7
1
What is -125 (base 15) in base 2?
-100000100
What is -3 (base 11) in base 5?
-3
Convert 2 (base 8) to base 14.
2
-122 (base 5) to base 4
-211
What is -26 (base 12) in base 11?
-28
Convert -12200 (base 3) to base 11.
-12a
Convert -15 (base 6) to base 14.
-b
What is 4 (base 11) in base 3?
11
15 (base 13) to base 12
16
16 (base 9) to base 15
10
264 (base 8) to base 14
cc
Conver